the prime factors of 1227557?
191, 6427
List the prime factors of 235304.
2, 67, 439
List the prime factors of 603898.
2, 301949
What are the prime factors of 3959240?
2, 5, 98981
What are the prime factors of 4541551?
7, 19, 34147
What are the prime factors of 469391?
13, 36107
What are the prime factors of 1846743?
3, 19, 179, 181
List the prime factors of 1714143.
3, 571381
List the prime factors of 157333.
11, 14303
What are the prime factors of 1425035?
5, 285007
List the prime factors of 271138.
2, 7, 107, 181
What are the prime factors of 2275311?
3, 29, 26153
List the prime factors of 1612800.
2, 3, 5, 7
List the prime factors of 525423.
3, 175141
List the prime factors of 23086124.
2, 1069, 5399
What are the prime factors of 212048?
2, 29, 457
List the prime factors of 1486837.
11, 17, 7951
What are the prime factors of 356781?
3, 118927
List the prime factors of 1744976.
2, 191, 571
What are the prime factors of 1725354?
2, 3, 89, 359
List the prime factors of 12138634.
2, 61, 99497
What are the prime factors of 45098139?
3, 653, 23021
What are the prime factors of 2696693?
17, 41, 53, 73
What are the prime factors of 395486?
2, 7, 13, 41, 53
What are the prime factors of 94668?
2, 3, 7, 23
What are the prime factors of 1437080?
2, 5, 37, 971
What are the prime factors of 123495?
3, 5, 8233
What are the prime factors of 8791687?
89, 173, 571
List the prime factors of 101485.
5, 20297
List the prime factors of 16424031.
3, 13, 353, 1193
What are the prime factors of 1029454?
2, 547, 941
List the prime factors of 452957.
452957
List the prime factors of 1247393.
7, 25457
What are the prime factors of 11198?
2, 11, 509
List the prime factors of 1196565.
3, 5, 241, 331
List the prime factors of 964166.
2, 7, 61, 1129
List the prime factors of 9540990.
2, 3, 5, 11779
List the prime factors of 4405933.
7, 89917
What are the prime factors of 497092?
2, 151, 823
List the prime factors of 275763.
3, 91921
What are the prime factors of 596708?
2, 7, 101, 211
List the prime factors of 1208483.
109, 11087
What are the prime factors of 1579787?
11, 143617
What are the prime factors of 3261465?
3, 5, 8053
List the prime factors of 617620.
2, 5, 30881
List the prime factors of 21402216.
2, 3, 11, 61, 443
List the prime factors of 13364966.
2, 6682483
What are the prime factors of 2734303?
11, 13, 19121
What are the prime factors of 4505750?
2, 5, 67, 269
List the prime factors of 85767.
3, 11, 23, 113
What are the prime factors of 3446369?
47, 73327
What are the prime factors of 1349576?
2, 168697
List the prime factors of 313762.
2, 59, 2659
What are the prime factors of 179349?
3, 191, 313
List the prime factors of 1816281.
3, 201809
What are the prime factors of 6529794?
2, 3, 353, 3083
What are the prime factors of 1774078?
2, 367, 2417
List the prime factors of 2000745.
3, 5, 173, 257
What are the prime factors of 322240?
2, 5, 19, 53
What are the prime factors of 28915606?
2, 17, 19, 2633
What are the prime factors of 349949?
349949
What are the prime factors of 1871370?
2, 3, 5, 29, 239
What are the prime factors of 10401455?
5, 19, 103, 1063
List the prime factors of 349932.
2, 3, 11, 241
List the prime factors of 17147933.
11, 173, 9011
List the prime factors of 69703.
43, 1621
What are the prime factors of 1999670?
2, 5, 199967
List the prime factors of 1099160.
2, 5, 27479
What are the prime factors of 271799?
11, 24709
List the prime factors of 22559793.
3, 79, 95189
List the prime factors of 1529564.
2, 382391
List the prime factors of 42220.
2, 5, 2111
List the prime factors of 2522170.
2, 5, 7, 137, 263
List the prime factors of 13263184.
2, 11, 179, 421
What are the prime factors of 21710?
2, 5, 13, 167
List the prime factors of 599732.
2, 7, 21419
What are the prime factors of 1793696?
2, 56053
List the prime factors of 569112.
2, 3, 23, 1031
What are the prime factors of 529508?
2, 7, 18911
List the prime factors of 4890667.
4890667
List the prime factors of 847737.
3, 11, 8563
What are the prime factors of 8571798?
2, 3, 181, 877
What are the prime factors of 226709?
7, 139, 233
What are the prime factors of 405855?
3, 5, 29, 311
List the prime factors of 1252812.
2, 3, 11, 9491
List the prime factors of 531210.
2, 3, 5, 17707
List the prime factors of 638257.
787, 811
What are the prime factors of 7744294?
2, 241, 16067
What are the prime factors of 11158?
2, 7, 797
List the prime factors of 163141.
11, 14831
List the prime factors of 13028356.
2, 11, 296099
What are the prime factors of 7865023?
7865023
List the prime factors of 30314316.
2, 3, 61, 41413
List the prime factors of 1452803.
11, 17, 457
List the prime factors of 1211202.
2, 3, 67289
List the prime factors of 141028.
2, 35257
List the prime factors of 5155946.
2, 53, 127, 383
What are the prime factors of 11445095?
5, 43, 53233
List the prime factors of 1072850.
2, 5, 43, 499
What are the prime factors of 12344?
2, 1543
List the prime factors of 9747719.
113, 86263
What are the prime factors of 1200414?
2, 3, 59, 3391
What are the prime factors of 1594303?
163, 9781
List the prime factors of 8845345.
5, 1769069
List the prime factors of 541877.
7, 199, 389
What are the prime factors of 293060?
2, 5, 14653
What are the prime factors of 200542?
2, 100271
List the prime factors of 6344382.
2, 3, 11, 97, 991
List the prime factors of 1427246.
2, 109, 6547
What are the prime factors of 538187?
13, 41399
List the prime factors of 58143.
3, 19381
List the prime factors of 8203743.
3, 911527
List the prime factors of 253348.
2, 63337
What are the prime factors of 417359?
487, 857
List the prime factors of 220480.
2, 5, 13, 53
List the prime factors of 5296770.
2, 3, 5, 229, 257
List the prime factors of 1030385.
5, 206077
List the prime factors of 2015126.
2, 349, 2887
What are the prime factors of 7044172?
2, 47, 89, 421
What are the prime factors of 930986?
2, 7, 66499
What are the prime factors of 7859964?
2, 3, 7, 137, 683
List the prime factors of 4286596.
2, 89, 12041
List the prime factors of 16977186.
2, 3, 17, 109, 509
List the prime factors of 651098.
2, 7, 46507
List the prime factors of 2807378.
2, 7, 193, 1039
List the prime factors of 363546.
2, 3, 19, 1063
List the prime factors of 16372700.
2, 5, 17, 9631
What are the prime factors of 2692164?
2, 3, 31, 7237
What are the prime factors of 14552283?
3, 4850761
What are the prime factors of 7135111?
953, 7487
What are the prime factors of 218830?
2, 5, 79, 277
What are the prime factors of 3461959?
733, 4723
List the prime factors of 861168.
2, 3, 7, 11, 233
List the prime factors of 10541295.
3, 5, 19, 12329
List the prime factors of 30006914.
2, 7, 306193
What are the prime factors of 576754?
2, 283, 1019
What are the prime factors of 59973?
3, 19991
List the prime factors of 4738470.
2, 3, 5, 11, 83, 173
What are the prime factors of 321737?
13, 24749
What are the prime factors of 3806484?
2, 3, 11, 28837
List the prime factors of 261100.
2, 5, 7, 373
What are the prime factors of 4431?
3, 7, 211
What are the prime factors of 191595?
3, 5, 53, 241
What are the prime factors of 129834?
2, 3, 7213
List the prime factors of 2839895.
5, 567979
What are the prime factors of 116767?
7, 2383
What are the prime factors of 3694109?
3694109
List the prime factors of 13409720.
2, 5, 523, 641
What are the prime factors of 7819525?
5, 7, 44683
What are the prime factors of 587458?
2, 293729
What are the prime factors of 90623?
13, 6971
List the prime factors of 33677592.
2, 3, 13, 107941
List the prime factors of 2843566.
2, 11, 29, 4457
List the prime factors of 4039245.
3, 5, 7, 12823
What are the prime factors of 247931?
19, 13049
List the prime factors of 2917671.
3, 972557
List the prime factors of 243730.
2, 5, 24373
What are the prime factors of 62345?
5, 37, 337
What are the prime factors of 5486213?
23, 238531
What are the prime factors of 79238?
2, 39619
What are the prime factors of 236578?
2, 23, 37, 139
What are the prime factors of 2312983?
2312983
What are the prime factors of 21100137?
3, 7033379
What are the prime factors of 108213?
3, 7, 5153
What are the prime factors of 337874?
2, 168937
What are the prime factors of 982529?
239, 4111
What are the prime factors of 1537584?
2, 3, 103, 311
What ar